-208 - 392 = 12*w + 8*w. Let a = w - n. What is the units digit of a?
1
Let s(x) = -3*x + 24. Let f(g) = -g - 6. Let b be f(-14). Let w be s(b). Suppose 4*q - a = 52, a = 3*q - w*q - 38. What is the tens digit of q?
1
What is the hundreds digit of 2/(-4)*-3*61601722/1911?
3
Let w(l) = -l**3 - 63*l**2 + 103*l - 327. What is the ten thousands digit of w(-68)?
1
Let h(p) be the second derivative of p**4/12 - 2*p**2 + 15*p. Let u be h(-2). Suppose u = 5*r - 4*x - 422, 191 = 5*r + 4*x - 207. What is the units digit of r?
2
What is the thousands digit of (-426)/12*(-2 + -82)?
2
Let i(d) = -7*d - 81. Let t be i(-12). Suppose -7*a = -t*a - 512. What is the units digit of a?
8
Let h(u) = 2*u**2 + 6. Let r be ((-2)/5)/((-14)/(-140)). Let t be h(r). Suppose t = -5*m + 263. What is the units digit of m?
5
Let w(z) = -z**2 - 2*z + 13. Let n be w(5). Let c = n - -17. What is the units digit of -3*58*c/((-60)/(-8))?
6
Let q be 2/((-18)/231) + 1/(-3). Let k = 3 - -95. Let p = k + q. What is the units digit of p?
2
Suppose -4*k = -i - 6, 2*i - 8 = -2*k + 5*k. What is the hundreds digit of (8 - -962)*4/i?
3
Let t = 12 - 11. Let o be 250 - ((t + -3)/2 + -1). Let k = -179 + o. What is the units digit of k?
3
What is the hundreds digit of ((-9)/6 + 1)*154714/(-301)?
2
Suppose -14*w + 22 + 48 = 0. Suppose -2*j - 6 = 0, -13 - 6 = -w*c + 3*j. Suppose 3*g = 4*g - c*h - 103, -315 = -3*g + 4*h. What is the units digit of g?
9
Suppose -3*m = -824 - 1261. Let k = m - 97. What is the hundreds digit of k?
5
Let a(v) = 32*v**2 - 26*v - 12. Let p(i) = 95*i**2 - 79*i - 34. Let g(t) = -17*a(t) + 6*p(t). What is the units digit of g(5)?
0
Let f be (0 - (-27)/(-6))/(3/(-16)). Let k(u) = -8 + 5 - 3 - 7*u + f*u. What is the tens digit of k(7)?
1
Let d(x) = 59*x + 660. What is the tens digit of d(32)?
4
Let z(n) = -n**3 + 9*n**2 - 16*n + 14. Let a be z(7). Suppose q + 96 - 755 = a. What is the tens digit of q?
5
What is the hundreds digit of 7/6 + (-3388978)/(-444)?
6
Let p be (-510)/(-7 - 0 - -5). Suppose -24*d + 29*d + p = 0. What is the units digit of 6332/68 + 6/d?
3
Let d = 766 + -709. What is the tens digit of (2 - d/4)*(-68 - 8)?
3
Let r(h) = 3865*h + 1215. What is the units digit of r(17)?
0
Let q(o) = 37*o**3 - 6*o**2 - 28*o + 73. What is the thousands digit of q(4)?
2
Let n be (6/4)/(-4*8/(-1408)). Suppose 5*m + n = 171. Suppose 11*r + m = 164. What is the tens digit of r?
1
Let h(y) = 3*y**3 - 4*y**2 - 9*y + 7. Let r be h(6). Let q = 5 + r. What is the units digit of q?
2
Let t(c) = 9*c + 4. Let i be t(-1). Let w(u) = 6*u**2 + 10*u + 17. What is the tens digit of w(i)?
1
Let u(h) = 8 - h + 0 - 2 + 48*h**2 - 9. What is the hundreds digit of u(3)?
4
Let w = -63 - -67. Suppose -1216 = 2*d - 6*d - 4*r, -w*d + 1225 = r. What is the tens digit of d?
0
Suppose -69 + 14 = -5*t. Suppose 0 = 8*j - t*j + 18. What is the hundreds digit of (-683)/(-6) - (-1)/j?
1
What is the units digit of 4/(-14) - (-8 - 2446466/77)?
0
Let u(x) = x**3 + x**2 - 3*x. Let a be u(-2). Suppose -a*y = -14*y + 1656. What is the tens digit of y?
3
Let a(k) be the first derivative of 5*k**4 + 2*k**3/3 - k**2/2 - 5*k + 18. Let r = 213 + -211. What is the hundreds digit of a(r)?
1
Let n be -10*(2928/15)/4 - -2. Suppose -5*a + 89 = 1169. Let y = a - n. What is the units digit of y?
0
Suppose -2*v = -90*t + 91*t - 21352, 32037 = 3*v + 3*t. What is the units digit of v?
3
Let w = 77205 - 55013. What is the hundreds digit of w?
1
Let k be (156/(7 + -4))/1. Suppose 49 = -3*j - 5*x + 183, 104 = 2*j - 4*x. Let c = k - j. What is the units digit of c?
4
Suppose 0 = 2*b - 2*o - 6, 2*b + 2*b = -4*o + 36. Let p = -2655 + 2666. Let q = p + b. What is the tens digit of q?
1
Let l(d) = 13*d + 10. Let p be l(-5). Let v = p + 60. Suppose -4*u = -v*u + 25. What is the tens digit of u?
2
Suppose -13*c - 10*c = 207. What is the units digit of (-27)/(-243) + (-3104)/c?
5
Let i be (36/2)/(((-20)/25)/(-2)). Let a = i + -43. Suppose a*r - 129 = 241. What is the units digit of r?
5
Let s be 3/(-12)*0*1. Suppose 3*w + 275 - 920 = s. What is the tens digit of w?
1
What is the ten thousands digit of 476/136*24602/7?
1
Suppose -115*y = -440987 - 1367618. What is the ten thousands digit of y?
1
Let d = -149 - -109. Let x be 1 + (d/(-50))/((-4)/2350). Let y = 730 + x. What is the hundreds digit of y?
2
Suppose -l + 6999 = 2*t - 5011, 4*t = 2*l + 24028. What is the units digit of t/54 + -6 - (-4)/(-18)?
5
What is the hundreds digit of (-5)/(-6) + 19/(456/292684)?
1
What is the thousands digit of (-1)/(-4) + (19 - (-74102)/8)?
9
Suppose 4*x - 138471 = 5*y, 4*x = -6*y + 131115 + 7323. What is the ten thousands digit of x?
3
Suppose 0 = 11*q - 0*q - 66. What is the hundreds digit of -4 + q + 522 + (0 - -2)?
5
Let x(w) be the first derivative of 37*w**2/2 - 27*w - 29. What is the units digit of x(11)?
0
Let j be 14*3*(3 - (-8)/(-4)). Let p be (-1227)/18 - (-7)/j. Let f = p + 115. What is the tens digit of f?
4
Let f(j) = 3*j**2 + 20*j - 17. Let z(v) = 3*v**2 + 20*v - 16. Let a(c) = -3*f(c) + 4*z(c). What is the tens digit of a(-9)?
5
Let h(z) = 4*z**3 - 3*z**2 - 2*z + 9. Let a(c) = -c**3 + c**2 + c - 1. Let y(j) = 6*a(j) + h(j). What is the units digit of y(-2)?
3
Suppose 2*o - 12 = 5*o. Let k be (-1)/((-6)/(-2) + o). Let g(y) = 115*y**3 + 2*y**2 + y - 2. What is the hundreds digit of g(k)?
1
Suppose -2*v - 12 = v, v = 2*l + 294. Let u = -123 - l. What is the units digit of u?
6
What is the ten thousands digit of ((89 - 36415) + 1/1)*(1 - 2)?
3
What is the hundreds digit of (3982 + 0 + -2)*12366/916?
7
Suppose 266 = 29*b + 1020. Let i(x) = 6*x + 244. What is the tens digit of i(b)?
8
Let h be -2 + (-9 - (-17 + -1)). What is the hundreds digit of -2 + -1 - (-1219 - (3 - h))?
2
Let i(y) = 3*y**3 - 25*y**2 - 19*y + 9. Let o be i(9). Suppose p - 3*d = -o*p + 74, -p - 2*d + 99 = 0. What is the units digit of p?
9
Let x = -57 - -244. Let f = x - 330. Let u = f - -220. What is the tens digit of u?
7
Suppose 20*d - 135278 - 40602 = 0. What is the units digit of d?
4
Let i(m) = 4*m - 23. Let j be i(7). Suppose 2 = 2*u, j*o - 2*u - 657 = u. What is the tens digit of ((-20)/6)/((-4)/o)?
1
Let n = 109173 + -58005. What is the units digit of n?
8
Let c(z) = -165*z - 8. Let v(s) = -55*s - 3. Let k(y) = 4*c(y) - 11*v(y). Let q be k(-3). Let x = q + -92. What is the tens digit of x?
7
Suppose 0*q + 2*o - 682 = -3*q, 4*q = -4*o + 916. Suppose 7*f + q = -f. What is the hundreds digit of ((-1)/5)/(f/(-35))*-428?
1
Let t(z) = -z**3 + 9*z**2 + 25*z - 21. Let n be t(-8). Suppose -155 - n = -7*m. What is the units digit of m?
6
Let f = -5553 + 32029. What is the hundreds digit of f?
4
Suppose 137 = 2*s - i, 7*s + 5*i - 320 = 2*s. Let g = s - 63. Let d = g - -131. What is the units digit of d?
5
Suppose -6*a - 33413 = -4*w - a, 3*w + 4*a = 25083. What is the units digit of w?
7
Suppose -4*w - 48 = -0*z + 3*z, 0 = 5*w - 2*z + 60. Let s = w + 18. Suppose 4*k - 204 = -2*h, -5*k = -s*h + h + 570. What is the units digit of h?
0
Let c(m) = 95*m + 5. Let n be c(2). Let u = 329 - n. Let f = u - 76. What is the tens digit of f?
5
Let d(s) = -2*s - 17. Let g be d(-10). Suppose -2*b = -g*j + 2*b + 11, 2*j - 3*b - 7 = 0. Suppose 2*p = 1 + j. What is the units digit of p?
3
Suppose 0 = 3*z + 2*p - 10650, -265*z - 3*p = -260*z - 17752. What is the tens digit of z?
5
Let f(u) = 156*u**2 - 127*u. What is the tens digit of f(18)?
5
Let r(j) = j**2 - 19*j - 165. Let h be r(25). What is the thousands digit of 294*((-6)/h)/((-16)/(-140))?
1
Let z be (597/6)/((44/8)/11). Suppose -4*d + 435 = 5*s - 555, s - z = -d. What is the units digit of s?
4
Let l = 3323 + 627. Suppose 0 = -33*n + 38*n - l. What is the hundreds digit of n?
7
Let i = 755 - 16. Suppose 0 = 4*p + i - 2207. What is the units digit of p?
7
Let o(w) = 665*w + 75. What is the thousands digit of o(14)?
9
Suppose 41 = 19*b - 54. Suppose -2*o - 362 = -0*f - 2*f, 10 = -b*o. What is the tens digit of f?
7
Let g = 7485 - 4267. What is the tens digit of g?
1
Suppose 0 = -3*t + 19 + 8. Let p(z) = -t + z**2 + 0*z**2 - 13 + 16*z. What is the tens digit of p(-18)?
1
What is the tens digit of (158960/(-64))/(13/(-52))?
3
Let a = -850 - -2014. What is the hundreds digit of a?
1
Let x = -795 + 1338. Let k = x - 934. Let j = -219 - k.